digit of 1889798?
1
What is the hundreds digit of 186500?
5
What is the tens digit of 5190785?
8
What is the tens digit of 9680709?
0
What is the hundreds digit of 3024358?
3
What is the ten thousands digit of 8573418?
7
What is the millions digit of 1659542?
1
What is the units digit of 6871149?
9
What is the units digit of 2130770?
0
What is the hundred thousands digit of 817535?
8
What is the millions digit of 5316865?
5
What is the thousands digit of 203905?
3
What is the ten thousands digit of 162428?
6
What is the units digit of 488998?
8
What is the thousands digit of 4170104?
0
What is the ten thousands digit of 278698?
7
What is the hundreds digit of 735155?
1
What is the hundred thousands digit of 949221?
9
What is the units digit of 27244191?
1
What is the hundreds digit of 5560515?
5
What is the units digit of 3440003?
3
What is the millions digit of 1403702?
1
What is the thousands digit of 125539?
5
What is the tens digit of 3613055?
5
What is the thousands digit of 306683?
6
What is the ten millions digit of 36201085?
3
What is the hundred thousands digit of 1913332?
9
What is the hundred thousands digit of 129513?
1
What is the thousands digit of 986500?
6
What is the thousands digit of 568005?
8
What is the millions digit of 6798267?
6
What is the thousands digit of 232302?
2
What is the units digit of 240419?
9
What is the thousands digit of 5986561?
6
What is the tens digit of 349079?
7
What is the ten thousands digit of 2217363?
1
What is the tens digit of 359456?
5
What is the tens digit of 1673473?
7
What is the hundred thousands digit of 20392505?
3
What is the tens digit of 121992?
9
What is the millions digit of 29712874?
9
What is the units digit of 1248984?
4
What is the thousands digit of 235089?
5
What is the tens digit of 30623?
2
What is the tens digit of 198153?
5
What is the units digit of 3447907?
7
What is the tens digit of 23376990?
9
What is the tens digit of 3156878?
7
What is the tens digit of 186791?
9
What is the millions digit of 4521945?
4
What is the hundred thousands digit of 183632?
1
What is the thousands digit of 109574?
9
What is the ten thousands digit of 12445524?
4
What is the tens digit of 23724790?
9
What is the units digit of 1514699?
9
What is the ten millions digit of 19778447?
1
What is the units digit of 316175?
5
What is the tens digit of 146306?
0
What is the ten thousands digit of 1387862?
8
What is the units digit of 139585?
5
What is the tens digit of 18321262?
6
What is the tens digit of 308389?
8
What is the thousands digit of 685524?
5
What is the thousands digit of 794738?
4
What is the tens digit of 5349277?
7
What is the units digit of 1198696?
6
What is the hundreds digit of 8793329?
3
What is the thousands digit of 177704?
7
What is the units digit of 509659?
9
What is the ten thousands digit of 706735?
0
What is the thousands digit of 834329?
4
What is the hundred thousands digit of 136737?
1
What is the hundred thousands digit of 6271172?
2
What is the thousands digit of 1747931?
7
What is the hundreds digit of 17605?
6
What is the hundred thousands digit of 9140898?
1
What is the units digit of 54189?
9
What is the hundreds digit of 199415?
4
What is the units digit of 184416?
6
What is the tens digit of 6032?
3
What is the units digit of 3642960?
0
What is the millions digit of 1748969?
1
What is the millions digit of 9267764?
9
What is the hundred thousands digit of 4451756?
4
What is the tens digit of 97507?
0
What is the thousands digit of 408458?
8
What is the thousands digit of 431622?
1
What is the ten millions digit of 25495817?
2
What is the hundred thousands digit of 2974080?
9
What is the hundreds digit of 964206?
2
What is the units digit of 30822?
2
What is the ten thousands digit of 473994?
7
What is the millions digit of 15520892?
5
What is the units digit of 1612410?
0
What is the hundreds digit of 4332?
3
What is the thousands digit of 25872514?
2
What is the hundreds digit of 1582?
5
What is the hundreds digit of 286094?
0
What is the hundred thousands digit of 5259867?
2
What is the tens digit of 7726686?
8
What is the units digit of 8167574?
4
What is the hundreds digit of 26901?
9
What is the tens digit of 607405?
0
What is the tens digit of 605208?
0
What is the millions digit of 9038211?
9
What is the units digit of 1559109?
9
What is the units digit of 13597355?
5
What is the ten thousands digit of 935390?
3
What is the thousands digit of 4478705?
8
What is the ten thousands digit of 78819?
7
What is the units digit of 924403?
3
What is the hundreds digit of 5267720?
7
What is the hundred thousands digit of 10925752?
9
What is the tens digit of 218111?
1
What is the units digit of 152100?
0
What is the tens digit of 5615821?
2
What is the ten thousands digit of 741670?
4
What is the millions digit of 1641894?
1
What is the hundred thousands digit of 265067?
2
What is the hundreds digit of 6727564?
5
What is the thousands digit of 3090147?
0
What is the ten thousands digit of 2387154?
8
What is the ten thousands digit of 13485476?
8
What is the hundred thousands digit of 1247858?
2
What is the hundreds digit of 886182?
1
What is the units digit of 1193848?
8
What is the hundreds digit of 2235342?
3
What is the ten thousands digit of 465382?
6
What is the ten millions digit of 33771074?
3
What is the tens digit of 296987?
8
What is the hundreds digit of 722938?
9
What is the millions digit of 21719586?
1
What is the hundred thousands digit of 372621?
3
What is the thousands digit of 722708?
2
What is the thousands digit of 3032121?
2
What is the thousands digit of 4698511?
8
What is the millions digit of 1038737?
1
What is the hundreds digit of 178190?
1
What is the thousands digit of 475966?
5
What is the units digit of 350531?
1
What is the tens digit of 17109703?
0
What is the ten millions digit of 11511236?
1
What is the hundred thousands digit of 940516?
9
What is the hundred thousands digit of 696690?
6
What is the thousands digit of 3502393?
2
What is the hundred thousands digit of 874782?
8
What is the hundreds digit of 5043295?
2
What is the tens digit of 1015527?
2
What is the tens digit of 26963727?
2
What is the hundreds digit of 1315951?
9
What is the hundreds digit of 6644297?
2
What is the tens digit of 226749?
4
What is the millions digit of 1295790?
1
What is the thousands digit of 6762196?
2
What is the hundred thousands digit of 12939030?
9
What is the ten millions digit of 13840541?
1
What is the tens digit of 110101?
0
What is the millions digit of 8369647?
8
What is the tens digit of 1008937?
3
What is the tens digit of 273953?
5
What is the millions digit of 4845781?
4
What is the tens digit of 43593?
9
What is the hundred thousands digit of 587455?
5
What is the hundred thousands digit of 1484799?
4
What is the units digit of 231894?
4
What is the units digit of 3281367?
7
What is the hundreds digit of 2562198?
1
What is the units digit of 2849191?
1
What is the thousands digit of 21077?
1
What is the hundreds digit of 191861?
8
What is the units digit of 12084724?
4
What is the millions digit of 1758689?
1
What is the ten thousands digit of 3374799?
7
What is the thousands digit of 379197?
9
What is the hundred thousands digit of 31016029?
0
What is the units digit of 80478?
8
What is the hundreds digit of 6029059?
0
What is the hundreds digit of 324527?
5
What is the hundreds digit of 297759?
7
What is the millions digit of 26734397?
6
What is the units digit of 12535538?
8
What is the hundreds digit of 1042234?
2
What is the thousands digit of 97677?
7
What is the hundreds digit of 88230?
2
What is the tens digit of 12825508?
0
What is the thousands digit of 1379?
1
What is the hundreds digit of 532480?
4
What is the tens digit of 226399?
9
What is the units digit of 233151?
1
What is the thousands digit of 13198360?
8
What is the ten thousands digit of 693409?
9
What is the units digit of 1644515?
5
What is the tens digit of 627872?
7
What is the ten thousands digit of 89015?
8
What is the thousands digit of 118369?
8
What is the tens digit of 637893?
9
What is the hundreds digit of 29276?
2
What is the millions digit of 3313964?
3
What is the hundreds digit of 103261?
2
What is the thousands digit of 807926?
7
What